?
False
Is 643801 a composite number?
True
Is 12817339 composite?
False
Is 48533359 composite?
True
Is 77705417 composite?
True
Is 1217717 composite?
True
Is 24659 a composite number?
False
Is 1697453 composite?
False
Is 105712879 prime?
True
Is 1739533 a composite number?
False
Is 25113329 composite?
False
Is 182167 composite?
False
Is 3395011 prime?
False
Is 2337539 composite?
False
Is 350759 prime?
False
Is 5729891 a prime number?
False
Is 15619699 a prime number?
True
Is 645977 a composite number?
True
Is 82542989 composite?
True
Is 6809441 composite?
True
Is 383513 a composite number?
True
Is 30165127 a prime number?
True
Is 176246813 prime?
True
Is 19529953 composite?
False
Is 911291 a prime number?
True
Is 8177711 composite?
True
Is 39675701 a composite number?
True
Is 495249553 composite?
False
Is 71316769 a prime number?
True
Is 7883989 composite?
True
Is 5985983 composite?
False
Is 45242953 composite?
True
Is 24156061 composite?
True
Is 10348145 a prime number?
False
Is 1053083 prime?
True
Is 3584863 composite?
True
Is 7687751 composite?
True
Is 74365237 composite?
False
Is 57412517 a composite number?
True
Is 114528793 a composite number?
False
Is 32666059 a prime number?
False
Is 21626497 a composite number?
False
Is 53743777 prime?
True
Is 1402829 prime?
True
Is 233125757 composite?
False
Is 110638427 a prime number?
True
Is 24643082 a prime number?
False
Is 20391941 prime?
False
Is 236457391 composite?
True
Is 89177581 composite?
True
Is 85270873 a prime number?
True
Is 93255541 a composite number?
False
Is 61751219 a composite number?
True
Is 4787507 composite?
False
Is 482306141 a prime number?
True
Is 8808607 composite?
False
Is 73971671 a composite number?
False
Is 1264447 a composite number?
False
Is 144672911 a prime number?
True
Is 32359181 a composite number?
True
Is 367357 prime?
True
Is 1044019 a composite number?
False
Is 171217297 a composite number?
True
Is 1200581 a prime number?
True
Is 725303 composite?
False
Is 17018641 a prime number?
True
Is 371617 prime?
True
Is 13487447 composite?
False
Is 413862011 a prime number?
True
Is 89845069 a prime number?
False
Is 233344217 a prime number?
True
Is 541771 prime?
True
Is 4994533 prime?
False
Is 15377326 a composite number?
True
Is 9470107 composite?
False
Is 26037367 prime?
True
Is 158697163 prime?
True
Is 37531337 a prime number?
False
Is 514999253 composite?
False
Is 45519679 composite?
False
Is 12281279 a composite number?
True
Is 3379177 a prime number?
True
Is 59991839 a composite number?
False
Is 1476427 a composite number?
True
Is 9758393 a composite number?
True
Is 1235789 prime?
True
Is 573277 composite?
False
Is 76874243 a composite number?
True
Is 1895167 a prime number?
True
Is 28617079 a prime number?
True
Is 571841117 a composite number?
True
Is 818093 a composite number?
False
Is 53304857 prime?
False
Is 384101 a composite number?
True
Is 7582219 composite?
False
Is 339156761 prime?
False
Is 150204199 a prime number?
True
Is 52486142 composite?
True
Is 198391 a prime number?
True
Is 138857 composite?
True
Is 84208159 composite?
True
Is 10931183 a prime number?
False
Is 2865413 composite?
False
Is 22266137 prime?
True
Is 343810493 prime?
False
Is 466405 prime?
False
Is 9090313 prime?
False
Is 1421273 a composite number?
True
Is 1263958 a prime number?
False
Is 515507 composite?
False
Is 2990677 composite?
False
Is 3257101 a prime number?
True
Is 14141899 a composite number?
False
Is 25142989 composite?
False
Is 1370387 a prime number?
False
Is 2913139 a composite number?
False
Is 881101 a prime number?
False
Is 10335161 a prime number?
True
Is 4066719 a composite number?
True
Is 73788389 a prime number?
True
Is 479939 composite?
False
Is 2156729 a composite number?
True
Is 39599061 composite?
True
Is 1225057 a prime number?
False
Is 542527291 composite?
False
Is 772537 a composite number?
False
Is 1174709 a composite number?
False
Is 38958001 prime?
True
Is 4220629 composite?
True
Is 16218121 composite?
True
Is 851953 prime?
True
Is 134270717 a composite number?
True
Is 1627169 prime?
True
Is 202476229 a composite number?
False
Is 55679219 prime?
True
Is 433033 prime?
True
Is 47617795 prime?
False
Is 17893147 a prime number?
True
Is 26188163 composite?
False
Is 5575787 composite?
True
Is 3135943 prime?
True
Is 24211897 a composite number?
True
Is 42457759 prime?
False
Is 14461333 prime?
True
Is 42466531 a prime number?
False
Is 115569749 composite?
False
Is 1393529 a prime number?
False
Is 411973 prime?
False
Is 8937629 composite?
True
Is 24246113 a prime number?
False
Is 8097239 prime?
True
Is 718885339 a prime number?
True
Is 959141 composite?
True
Is 8797337 a prime number?
True
Is 4382513 prime?
False
Is 179415007 composite?
False
Is 19960747 prime?
False
Is 4229167 a composite number?
False
Is 750396121 prime?
True
Is 650207 a composite number?
True
Is 308676877 a prime number?
False
Is 1905493 composite?
False
Is 275647153 prime?
True
Is 3040559 composite?
True
Is 104724797 a composite number?
False
Is 3194617 a prime number?
False
Is 18425587 a prime number?
True
Is 714673 composite?
False
Is 2429689 a composite number?
True
Is 29984393 a composite number?
True
Is 100267 composite?
False
Is 37394593 prime?
True
Is 4061411 a prime number?
False
Is 724057 composite?
True
Is 9045551 composite?
False
Is 79841747 a composite number?
False
Is 3464423 prime?
True
Is 107931557 a composite number?
True
Is 218068541 composite?
False
Is 5423741 prime?
True
Is 37511143 a prime number?
True
Is 33633379 a prime number?
False
Is 2303923 a composite number?
False
Is 29548861 composite?
False
Is 55819571 a composite number?
False
Is 724382 a prime number?
False
Is 20000047 a prime number?
True
Is 830305403 composite?
True
Is 98724163 composite?
False
Is 712373 a prime number?
False
Is 1944487 a prime number?
False
Is 33989393 a composite number?
True
Is 84787 a composite number?
False
Is 29921253 composite?
True
Is 75095303 prime?
True
Is 31651973 composite?
True
Is 2920013 composite?
False
Is 6155351 prime?
True
Is 125381611 composite?
True
Is 6430121 prime?
False
Is 8561654 a prime number?
False
Is 130521227 a composite number?
False
Is 11459353 prime?
True
Is 841776763 prime?
True
Is 1110683173 a composite number?
False
Is 2512817 a prime number?
False
Is 7162289 a prime number?
True
Is 155624581 prime?
False
Is 13022111 a prime number?
False
Is 10250741 a composite number?
False
Is 24778969 composite?
True
Is 94123229 prime?
False
Is 517100021 prime?
False
Is 6454081 prime?
False
Is 181508947 prime?
True
Is 5288651 a composite number?
True
Is 844001 composite?
False
Is 2581741 a prime number?
True
Is 196681 a prime number?
True
Is 48619079 composite?
True
Is 9818713 a prime number?
True
Is 815205437 a composite number?
True
Is 280434041 prime?
False
Is 1915503 a composite number?
True
Is 54852349 a prime number?
True
Is 77364073 a prime number?
True
Is 850673 a prime number?
True
Is 21000481 prime?
True
Is 87962747 composite?
False
Is 1172147 prime?
True
Is 95338055 prime?
False
Is 65163733 prime?
False
Is 100629223 a composite number?
True
Is 1086337 prime?
False
Is 31413077 prime?
True
Is 12253451 prime?
False
Is 4402747 a prime number?
True
Is 43362283 prime?
False
Is 403850437 prime?
True
Is 43003369 composite?
False
Is 609673 a prime number?
True
Is 81297781 prime?
True
Is 33078127 a prime number?
True
Is 1110323053 a composite number?
True
Is 769771 prime?
False
Is 8533594 a prime number?
False
Is 3805849 a composite number?
False
Is 47543819 prime?
True
Is 7359347 composite?
True
Is 31957493 a prime number?
True
Is 159511533 a composite number?
True
Is 151874 a prime number?
False
Is 37117073 composite?
True
Is 60003263 prime?
True
Is 2922146 prime?
False
Is 78449573 a prime number?
False
Is 13392887 a prime number?
False
Is 15707093 composite?
False
Is 1898902 a composite number?
True
Is 406207381 composite?
False
Is 130244603 composite?
True
Is 10884241 a composite number?
False
Is 5966861 a composite number?
False
Is 143912917 composite?
False
Is 57185 a composite number?
True
Is 879679 a composite number?
False
Is 26575079 a prime number?
True
Is 24429169 a prime number?
False
Is 21227099 prime?
True
Is 1241869 prime?
True
Is 20067427 a composit